on factor of 2541872 and 32?
16
Calculate the highest common divisor of 34 and 8137186.
34
Calculate the highest common factor of 420098 and 2997.
37
What is the highest common factor of 14240 and 1500095?
445
What is the greatest common factor of 4503699 and 9315?
207
Calculate the greatest common divisor of 41002 and 4283630.
2158
What is the greatest common divisor of 1015446 and 384?
6
Calculate the greatest common factor of 4386 and 107945910.
258
Calculate the highest common divisor of 8816448 and 1184.
32
Calculate the greatest common factor of 266 and 72597.
7
What is the highest common factor of 80 and 36185920?
80
Calculate the highest common divisor of 2110910 and 15138.
1682
What is the greatest common divisor of 6 and 52024362?
6
What is the greatest common divisor of 5 and 241574830?
5
What is the highest common divisor of 1179272 and 23?
1
Calculate the highest common factor of 16863 and 549647076.
2409
Calculate the greatest common divisor of 127908 and 3696412.
1292
What is the highest common divisor of 14118025 and 1923?
641
Calculate the greatest common factor of 58167 and 35121.
69
Calculate the greatest common factor of 23551920 and 576.
144
Calculate the greatest common divisor of 45 and 7038477.
9
Calculate the highest common factor of 1960600 and 700.
100
Calculate the highest common factor of 644185509 and 6303.
6303
What is the highest common factor of 4800400 and 121?
11
What is the highest common factor of 45 and 206220969?
9
Calculate the greatest common divisor of 1272877 and 15223.
1171
What is the greatest common divisor of 36341120 and 8?
8
What is the greatest common divisor of 798 and 43141590?
114
What is the greatest common factor of 4080 and 192875880?
2040
Calculate the highest common divisor of 31787331 and 33.
3
What is the highest common factor of 21501054 and 1918?
274
Calculate the greatest common divisor of 12164319 and 3216.
201
What is the greatest common factor of 69972076 and 33514?
2578
Calculate the highest common factor of 4156666 and 682.
62
What is the highest common factor of 850 and 14159725?
425
Calculate the greatest common factor of 102 and 736245894.
102
What is the highest common divisor of 166407359 and 22183?
3169
What is the greatest common divisor of 34606 and 837265?
143
What is the greatest common factor of 123837612 and 2484?
276
Calculate the greatest common divisor of 39091501 and 3851.
3851
Calculate the highest common divisor of 13 and 1131355277.
13
Calculate the highest common divisor of 13239209 and 697.
17
What is the highest common factor of 462 and 6925569?
21
Calculate the greatest common factor of 3116 and 129560164.
3116
What is the highest common factor of 216 and 1072392?
24
Calculate the greatest common factor of 16176331 and 229.
229
What is the greatest common divisor of 210 and 68724110?
70
Calculate the greatest common divisor of 96701840 and 6880.
3440
Calculate the highest common factor of 1166 and 86047258.
22
Calculate the highest common divisor of 12926 and 120152.
46
What is the greatest common divisor of 912594718 and 784?
98
What is the highest common divisor of 184 and 18647618?
46
Calculate the highest common factor of 782660 and 60.
20
What is the greatest common factor of 9432 and 42408?
72
What is the greatest common divisor of 295 and 354721865?
295
What is the highest common divisor of 2627 and 1564399516?
2627
What is the highest common factor of 163821 and 839280?
807
Calculate the greatest common divisor of 31 and 1285735664.
31
What is the highest common divisor of 6606 and 3040962?
2202
Calculate the greatest common factor of 1131 and 1404499.
29
What is the greatest common factor of 456 and 14835048?
456
What is the highest common factor of 1400256 and 46410?
1326
What is the highest common divisor of 130393126 and 4506?
1502
Calculate the highest common factor of 117 and 16004287.
13
What is the highest common factor of 9 and 92418444?
9
Calculate the highest common divisor of 9617430 and 45.
15
Calculate the highest common divisor of 41 and 106131534.
41
What is the highest common factor of 2879401 and 58387?
3073
What is the highest common divisor of 2042398578 and 209?
209
Calculate the greatest common factor of 48534340 and 40.
20
Calculate the highest common divisor of 127950 and 4050.
150
Calculate the greatest common factor of 417 and 6553433.
139
What is the greatest common divisor of 179 and 31109?
1
What is the greatest common factor of 39000 and 480750?
750
Calculate the highest common factor of 112 and 221231164.
28
Calculate the greatest common factor of 411021096 and 24.
24
Calculate the highest common divisor of 205 and 1894569.
41
What is the greatest common factor of 230095810 and 70?
70
Calculate the greatest common factor of 296212289 and 2374.
1187
What is the greatest common divisor of 6444 and 43166208?
2148
What is the greatest common factor of 70 and 211316?
14
Calculate the greatest common factor of 14653612 and 8.
4
What is the greatest common factor of 838512 and 56?
8
What is the greatest common factor of 1695395 and 4485?
65
What is the greatest common divisor of 32452 and 107177?
427
Calculate the greatest common divisor of 8025120 and 18080.
160
What is the greatest common divisor of 7696 and 10556026?
962
Calculate the highest common factor of 18602885 and 140.
35
What is the highest common factor of 2217570 and 17949?
579
Calculate the greatest common factor of 13104 and 4296019.
91
What is the greatest common divisor of 804593 and 37553?
799
What is the highest common factor of 7036302 and 28?
14
Calculate the greatest common divisor of 1955495 and 820.
205
What is the greatest common factor of 480548 and 240692?
76
Calculate the greatest common factor of 69705520 and 20.
20
What is the highest common factor of 324 and 167080401?
81
Calculate the greatest common factor of 18370152 and 2592.
648
What is the highest common factor of 3 and 14212686?
3
Calculate the greatest common factor of 1778728 and 196102.
2762
Calculate the greatest common divisor of 2351152 and 1242.
46
Calculate the highest common factor of 26261795 and 490.
245
What is the greatest common factor of 1266248 and 26228?
332
What is the highest common divisor of 41353003 and 938?
67
What is the greatest common factor of 39 and 51402?
39
Calculate the greatest common factor of 6684768 and 14688.
864
Calculate the highest common divisor of 909422572 and 4722.
1574
Calculate the highest common factor of 310878 and 132826716.
16362
What is the highest common factor of 2645 and 23564305?
2645
Calculate the highest common factor of 770 and 1888894.
14
What is the highest common divisor of 4727 and 136757?
163
Calculate the greatest common divisor of 173197 and 221371.
1147
What is the greatest common factor of 2838 and 32460098?
946
What is the greatest common factor of 328 and 46784936?
328
What is the greatest common divisor of 44160 and 338790?
690
Calculate the greatest common divisor of 6 and 986502.
6
What is the highest common factor of 63877048 and 24?
8
What is the highest common divisor of 827705 and 45?
5
Calculate the greatest common divisor of 207625 and 254435.
755
What is the highest common factor of 1699975 and 43675?
25
Calculate the highest common factor of 6435948 and 394188.
3684
Calculate the highest common divisor of 14 and 1579014199.
7
What is the greatest common divisor of 100 and 22139150?
50
What is the greatest common factor of 30504 and 30750?
246
Calculate the highest common factor of 4685244 and 24.
12
Calculate the highest common factor of 3307178 and 304.
38
Calculate the greatest common divisor of 8337220 and 300240.
2780
Calculate the greatest common divisor of 150 and 46839075.
75
What is the greatest common factor of 100 and 86028760?
20
What is the greatest common factor of 8092 and 4962062?
238
Calculate the highest common factor of 1914 and 323906.
22
What is the greatest common divisor of 707 and 13546625?
101
Calculate the highest common divisor of 125947 and 223213.
1247
What is the highest common factor of 512873232 and 304?
304
What is the highest common factor of 131506917 and 3774?
1887
Calculate the highest common factor of 372 and 1434246.
186
Calculate the highest common divisor of 1716